at is the units digit of 0/g + 5 - -1?
6
Let k be (2/(-8))/((-1)/4). Suppose l + k = 2*l. What is the units digit of l?
1
What is the tens digit of 2128/32 + 1/2?
6
Let p(c) = 2*c - 7. What is the units digit of p(9)?
1
Let q = 37 + 172. What is the units digit of q?
9
Let r(t) = -t**3 + 11*t**2 - 8*t - 7. Suppose b = x - 7, -x + b + 11 = x. Suppose -n - 2*l = 0, -x*n + 0*l = -l - 45. What is the tens digit of r(n)?
1
Let k be 0/2*(-2)/(-4). Suppose k*m + 3*q = 3*m - 87, -2*m - 3*q = -38. What is the tens digit of m?
2
What is the units digit of 1654/6 + ((-40)/6 - -7)?
6
Suppose 179 = 5*n + 34. What is the units digit of n?
9
Suppose -5*b - 6 = -t, 5*t - 3*b - 54 = -2*b. What is the units digit of t?
1
Let j be (-18)/12*2/(-3). Let k be (10 - 8) + (-2)/j. Let n = k - -6. What is the units digit of n?
6
Suppose 177 = 2*h - 545. What is the units digit of h?
1
Let b = 1 - 0. Let x(h) = -h**2 - 6*h + 3. Let l be x(-6). Suppose -g - b = -l. What is the units digit of g?
2
Let i = 149 + -72. What is the tens digit of i?
7
Let n(j) = j**3 - 11*j**2 - 9*j - 2. What is the tens digit of n(12)?
3
Let s(r) = r + 7. What is the tens digit of s(13)?
2
Let s = -35 - -55. What is the tens digit of 9/(-3) + 0 + s?
1
Suppose 2*c - 2*z = 122, -5*c + 0*z = -z - 313. What is the units digit of c?
3
Let d be 3/(-9) + 28/3. Let m(u) = -u**2 + 2*u + 6. Let r be m(4). Let c = r + d. What is the units digit of c?
7
Let d = 8 + -4. What is the tens digit of d/18 + 784/36?
2
Let q(l) = -l**2 - 9*l - 3. Let i be q(-8). Suppose 3*j - 2*j = -i*x - 17, 4*x + 28 = 4*j. What is the units digit of j?
3
Let y = 3 - -2. Suppose y*x - 31 = -11. What is the units digit of x?
4
Suppose 35 = -2*g + 339. Suppose 0*p + 4*p - g = 0. What is the units digit of p?
8
What is the units digit of 42/4*(-30)/(-9)?
5
Let o(v) = -18*v - 65. What is the hundreds digit of o(-16)?
2
Suppose 0*q = 2*q - 3*l - 350, -5*q = 4*l - 852. What is the units digit of q?
2
Let g be ((-1)/(3/9))/(-1). Suppose 5*l + 25 = g*j, -2 = -l + 2*l. Suppose 4*s + 55 = j*w, 3*w + 3*s - 13 - 20 = 0. What is the tens digit of w?
1
Let k(b) = 2*b**2 - 4*b. What is the tens digit of k(6)?
4
Let v = 5 - 1. Let b(t) = t**2 - 4*t + 3. Let p be b(v). Suppose 5*x + 0*i - p*i - 2 = 0, -3*x + 2*i = -1. What is the units digit of x?
1
Let a(x) = x**3 + 8*x**2 + 3*x + 10. What is the tens digit of a(-7)?
3
Let s = 6 - -18. What is the units digit of s?
4
Let y = 9 + -2. What is the units digit of y?
7
What is the units digit of (-10)/85 - 5616/(-51)?
0
Let m(s) = -5*s**2 + 61*s + 55. Let f(x) = -x**2 + 15*x + 14. Let n(p) = -9*f(p) + 2*m(p). What is the units digit of n(-11)?
6
Let c = 36 - -74. What is the tens digit of c?
1
Let v be 4/(2*(-3)/12). Let q = v + 8. Let s = q - -3. What is the units digit of s?
3
Let z(f) = f**2 - 3*f + 4. Let j be z(4). Suppose -5*y = 3 - j. Let s = 2 - y. What is the units digit of s?
1
Let r(g) = g**2 - g - 1. What is the units digit of r(3)?
5
Suppose -5*o = 40 - 295. Let n = 8 + -3. Suppose n*b - o - 29 = 0. What is the units digit of b?
6
Let f(g) = 3*g**3 - 5*g**2 - 3*g + 1. What is the units digit of f(4)?
1
Let y(s) = -s**3 + 4*s**2 + 3*s. Let v be 1 - 1 - 0 - 0. Suppose m = r + 3, -2*m - r - 4 + 13 = v. What is the tens digit of y(m)?
1
Let k(t) = -t**3 - 17*t**2 - 19*t + 10. What is the tens digit of k(-16)?
5
Suppose -4*v + 16 = 0, 3*v - 5 = -q + 8. Let s(y) = -3*y - 9 + y + q. What is the units digit of s(-8)?
8
Let b = -54 + 82. What is the tens digit of b?
2
Suppose 106*z - 105*z - 2 = 0. What is the units digit of z?
2
Let f = -101 + 191. What is the units digit of f?
0
What is the tens digit of (-1104)/(-10) - (-3)/(-15)*2?
1
Let k = 7 + -4. Suppose -5*d = -k*h + 2*h - 9, -3*h = 3*d + 9. What is the tens digit of (d - -15) + (-2)/2?
1
Let o(q) = 2*q**2 - 10*q - 1. What is the units digit of o(8)?
7
Let z be (6/9)/((-3)/(-117)). Suppose 2*n - 6 = j, 0*j - 2*n - z = 3*j. Let i = -4 - j. What is the units digit of i?
4
Let s be (-1)/(-2 + 23/12). Suppose 0 = -4*d + s. What is the units digit of (-1)/d + 38/6?
6
Suppose -5 = 4*b - 13. What is the units digit of (-7)/(-2) - b/(-4)?
4
Let q be 109 + (3 - (2 + 0)). Suppose -n + 6*n = q. What is the units digit of n?
2
Suppose -2*g - 100 = -6*g. Suppose -21 = -2*l + g. What is the tens digit of l?
2
Suppose -4*q - 3 = -3*x, -4*q + x - 1 = -0*q. Suppose -5*v + 3*g + 135 = -q*g, -v - g + 35 = 0. What is the units digit of ((-12)/v)/((-2)/90)?
8
Let p(b) = b - 5. Let f be p(4). Let r(l) = -11*l + 1. What is the tens digit of r(f)?
1
Suppose 2*y = 4*y + 5*h - 206, 2*h - 536 = -5*y. What is the hundreds digit of y?
1
Suppose 0 = 18*s - 13*s - 1585. What is the units digit of s?
7
Suppose -4*p + 44 = -0*p. What is the units digit of (30 + p)*(1 + 0)?
1
What is the tens digit of (1 - 0) + 1 - -17?
1
Let q be 1/2 - 411/(-2). Suppose 0 = 5*d - 184 - q. What is the units digit of d/9 + 3/9?
9
Suppose 2*u - 3 - 7 = 0. Suppose -2*j = -j - 4*t - 6, 86 = 3*j + u*t. What is the units digit of j?
2
Let m = -3 - -2. Let n be m - (0 - 2) - -14. Suppose 0*v - 3*v + 4*x = -10, -n = -3*x. What is the tens digit of v?
1
Let k be (-2 - -31)/(0 - -1). Suppose -2*t + h + k = -4*t, -h + 62 = -5*t. Let g = t + 23. What is the tens digit of g?
1
What is the tens digit of 31 - (-4 - -7 - 6)?
3
Suppose 4*g - 2*t + 63 = t, 0 = 3*g + t + 44. What is the tens digit of (-3 + 2)/1*g?
1
Let t = -50 + 108. What is the tens digit of t?
5
Let l be ((-80)/(-30))/(2/3). Suppose -8*y = -l*y - 44. What is the tens digit of y?
1
Suppose 43 - 1 = t. What is the tens digit of t?
4
Let w be (-2)/(-6) - (-4)/6. Let m be (-1)/w - (-9)/1. Let q = m + -6. What is the units digit of q?
2
Let d = 3 + 2. Suppose -47 = -d*k + 23. What is the units digit of k?
4
Suppose 2*k - h = -156, 2*k + 3*h = -h - 156. Let c = -50 - k. What is the tens digit of c?
2
Let t = -48 - -31. Let f = -12 - t. What is the units digit of f?
5
Let j(m) = -3*m**3 + 2*m**2 + 1. What is the tens digit of j(-2)?
3
Let y(h) = 18*h + 5. Let t be y(4). Suppose t + 23 = 5*s. What is the units digit of s?
0
Let k(b) = b. Let u be k(4). Suppose 2*s - 12 = -4*d, 5 + u = -s + 3*d. Suppose -5*g + s*v - v = -54, 2*v = g - 2. What is the units digit of g?
0
Let n(j) = j**3 - 9*j**2 + 9*j - 2. What is the units digit of n(8)?
6
Let l = 11 - 9. Suppose 35 = l*p - f + 2*f, -5*p - f + 89 = 0. What is the units digit of p?
8
Let j = -5 + 37. What is the units digit of j?
2
Let u(v) = -v**3 - 2*v**2 - 3. What is the tens digit of u(-5)?
7
Let b(c) = 4*c - 4. Let n be b(8). Suppose 0 = -4*w - 4 + n. Suppose 2*i - 28 + w = 0. What is the tens digit of i?
1
Let b(d) be the first derivative of -d**3/3 + 3*d**2/2 - 3. What is the units digit of b(2)?
2
Let g(s) = s**2 - 9*s + 8. Let v be g(8). Suppose a - 3 = -v*a. Suppose -i - a*x = 4 - 16, 0 = -3*x. What is the tens digit of i?
1
Suppose w - 225 = 5*x, -5*x - 3*w - 82 = 123. Let p = -19 - x. What is the units digit of p?
5
Suppose 4*c - 20 = -4*m, 0 = -c - 0*c + 4*m + 5. Suppose c*z - 3*s = 50, z - 16 + 6 = 4*s. What is the tens digit of z?
1
Let m(i) = i**3 - 11*i**2 + 11*i - 2. Let s be m(10). Suppose -3 + s = r. What is the units digit of r?
5
Let f(u) = 4*u - 5*u - 4*u + 5*u**2 + 2*u. Let p be (-2 + 6)*2/4. What is the units digit of f(p)?
4
Suppose -2 = -2*v, -3*q - 5*v = 23 - 127. Let f = q + 9. What is the units digit of f?
2
Let y be -2 + (-3 - -3) - -5. Let s = 11 + y. What is the units digit of s?
4
Suppose 135 + 262 = h. What is the units digit of h?
7
Suppose -2*n - 3*a - 9 = n, 10 = -2*a. Let x be (4/12)/(n/42). Suppose 2*b - x = 1. What is the units digit of b?
4
What is the units digit of (-1 + 26/10)*25?
0
Let q(n) = -n**3 - 9*n**2 - 10*n - 7. Let j be q(-8). Let a = j - 4. What is the units digit of a?
5
Let y be -1*3 + 6/1. Suppose -3*f - 2*q + 24 = -17, -f = -2*q - y. What is the tens digit of f?
1
Let r(q) = -q**3 - 3*q**2 + 3*q - 2. Let m be r(-4). Let h(v) = 0*v + v**3 - v**m + 3*v - 3*v - v + 11. What is the tens digit of h(0)?
1
Suppose 6 = -2*w, g + 4*w - 5 = -3. What is the units digit of -1 + g + (3 - 0)?
6
Suppose 14 + 2 = 4*n. Suppose 2*o - 15 = -o, 0 = -n*d - o + 41. What is the units digit of d?
9
Suppose -3*l + 288 - 99 = 0. What is the tens digit of l?
6